-4) is divided by 1?
0
Suppose -12*k - 11*k = -9*k - 2520. What is the remainder when 745 is divided by k?
25
Let n = -2 - -6. Suppose 4*k + 9 - 21 = 0. Suppose -z + 2*j = -13, k*z - 5*z - 5*j = -17. What is the remainder when z is divided by n?
3
Let t be (364/(-10))/((-66)/(-30) - 2). Let o = -169 - t. Let f = 20 - -19. What is the remainder when f is divided by o?
0
What is the remainder when (45/(-30))/(9/(-846)) is divided by 22?
9
Let a(s) = 165*s - 2. Let q be a(2). Suppose -8*n = -0*n - q. Suppose 24 = 8*b - 64. Calculate the remainder when n is divided by b.
8
Suppose 2*q - n = 61, -13*q - 3*n = -22*q + 273. Let k = 9 - 13. Let r = k + 12. Calculate the remainder when q is divided by r.
6
Let q = 102 - 81. What is the remainder when 26 is divided by -3*(56/q - 6)?
6
Suppose 0 = 2*l + 5*p - 10, -l - 4*p + 7 = -1. Suppose 3*k = 4*g + 540, -2*k - 3*g + 289 + 54 = l. Calculate the remainder when k is divided by 59.
58
Let d = 11294 + -11243. Suppose -201 = -6*p + 3*p. What is the remainder when p is divided by d?
16
Suppose 4*g + 125 - 805 = -2*w, w = 2*g + 332. What is the remainder when w is divided by 6?
0
Let w = -5501 - -5590. What is the remainder when 1244 is divided by w?
87
Let c = 39 - 71. Let p = -26 - c. Suppose 0 = -2*i - p, -5*i = -2*q - 2*i + 57. What is the remainder when q is divided by 5?
4
Suppose 19*m - 1462 - 3485 - 10253 = 0. What is the remainder when 1604 is divided by m?
4
Let q = -379 + 458. Suppose 3*g = -3*v + v + q, -2*g + 178 = 4*v. Calculate the remainder when 655 is divided by v.
44
Suppose 4*y - y = 4*i - 8, 5*i - 21 = y. Suppose i*w = -r + 611, -5*w + 6*r = 10*r - 599. Calculate the remainder when w is divided by 42.
39
Calculate the remainder when 1353 + (8 - 15) + -4 is divided by 32.
30
Let k = -2391 - -2442. Calculate the remainder when 305 is divided by k.
50
Let a be 12/(-7)*(-406)/(-116). Calculate the remainder when 140 is divided by ((-3)/(15/5))/(a/48).
4
Let j be (-286)/(-77) + 2/7. Suppose -11*h = j*z - 6*h - 240, 67 = z + 3*h. What is the remainder when 107 is divided by z?
52
Let o = -10 + 25. Let z be o/(9/3) + -3. Suppose 99 = 5*l + 3*m, -4*l = -3*l + z*m - 17. Calculate the remainder when 83 is divided by l.
20
Suppose -83 = -p + 6*a, -p = 2*a - 196 + 121. Let t(y) = 13*y - 14. Calculate the remainder when t(12) is divided by p.
65
Let u = 24 - 1. Let l(x) = x + 14. Let s be l(-9). Suppose -i = 5*k - 562, -4*i - 371 - 181 = -s*k. What is the remainder when k is divided by u?
20
Suppose 6*g - 429 = 3*g. Let u = g + -99. What is the remainder when 24/(-2) - (63 + -249) is divided by u?
42
Suppose 25*v + 9*v - 306 = 0. Let o = 79 - 76. What is the remainder when o/3*2 - -18 is divided by v?
2
Suppose -v = -5*z - 427, 2*z + 4 = 4*z. Suppose -2*k - m - v = -6*k, -2*k + 4*m = -222. What is the remainder when k is divided by 16?
13
Suppose -46*p + 7 = -45*p. Suppose 21 - 7 = p*r. What is the remainder when (r - -109)/(3/3) is divided by 28?
27
Let b be 55/10*(56 + -8). Calculate the remainder when 193 is divided by 2/((-6)/(-9) - b/414).
55
Suppose 38*r = -15*r - 2899 + 10690. Let k = 1 + 46. Calculate the remainder when r is divided by k.
6
Suppose -2393 - 1303 = -7*q. What is the remainder when 154 is divided by ((-5)/2 - 1)*q/(-154)?
10
Let y be ((-23)/((-138)/20))/((-15)/(-18)). Calculate the remainder when 389 is divided by 2 - (y/1 - 32).
29
Let g be (-8904)/78 - (-4)/26. Let o = g + 116. What is the remainder when o + (-25)/15 - 160/(-6) is divided by 3?
0
Suppose -5*u + 0*u = 4*a - 9, 6 = 5*a + u. Let d(z) = -z**3 + 5*z**2 + 5*z - 4. Let x be d(5). Let m = x - 19. Calculate the remainder when m is divided by a.
0
Suppose -33*o = -32*o, 0 = -2*j + 4*o + 1932. Calculate the remainder when j is divided by 318.
12
Suppose -2*k - 48 = 3*z, 5*z + 8*k - 3*k + 80 = 0. Let n be 1/8 + (-686)/z. Suppose -p = -n - 12. Calculate the remainder when p is divided by 16.
7
Let k(v) = -v**3 - 24*v**2 - 140*v + 18. Calculate the remainder when 2280 is divided by k(-14).
12
Let b = -3295 + 4246. What is the remainder when b is divided by 196?
167
Suppose 0 = 2*j + 7*i - 4*i - 2377, j - 2*i = 1206. Calculate the remainder when (j/65)/((-4)/(-10)) is divided by 25.
21
What is the remainder when 1686 is divided by (-634)/(-6) + 13*(-11)/(-429) + 7?
104
Calculate the remainder when 8277 is divided by (-6103)/(-255) + 4/60.
21
Let k be -5*42/60*-4. Suppose 2*u = -3*h + k, -17*h - 4*u + 20 = -12*h. Calculate the remainder when 100 is divided by h.
4
Calculate the remainder when 45992/80 - 1/(-10) is divided by 32.
31
Let t = 16442 + -15446. Calculate the remainder when t is divided by 167.
161
Suppose -4*g - g - 171 = -o, -2*g + 574 = 4*o. What is the remainder when o is divided by 132/3 - (-12)/(132/55)?
48
Suppose 0 = 3*r - 147 - 66. Let x = 74 - r. Suppose -2*v = -0*v, -v = -x*o + 78. Calculate the remainder when o is divided by 11.
4
Let p be -8 + 7 + (-2 - 1). Let b be (-5 - p/(-2))*-17. What is the remainder when 57 is divided by (102/b)/((-1)/(-35))?
27
Let n = -773 + 865. Calculate the remainder when n is divided by 23.
0
Let n = -139 + 144. Suppose -a + 84 = n*a. Calculate the remainder when 45 is divided by a.
3
Let r = -14 - -37. Let u = r - 23. Suppose -2*i - 6*z = -3*z - 292, z = u. What is the remainder when i is divided by 37?
35
Suppose 3*m + 49 - 1 = 0. Let o be (-7 + 3)/(-12) - m/6. Let n = 16 - o. What is the remainder when 33 is divided by n?
7
Suppose -2*s - 3*g = 114 - 524, 0 = -g. Suppose 10*l - 11*l + 5*a = 1, -2*l - a + 20 = 0. What is the remainder when s is divided by l?
7
Let o = -59 + 65. Suppose -9*g + 210 = -8*g + 3*n, -n + 598 = 3*g. Suppose -g + 36 = -o*z. Calculate the remainder when z is divided by 6.
3
Suppose 4*v + 139 = 5*i - 16, 91 = 3*i - 2*v. Calculate the remainder when (6 - i)*(-1)/((-1)/(-11)) is divided by 26.
23
Let a = -34 - -34. Suppose 3*b - 2*b = a. Suppose 2*s - 4*l + 2 = b, -4*l + 27 = s + l. Calculate the remainder when 12 is divided by s.
5
Let o(p) = 4*p**2 - 14*p + 51. Let u = -929 + 1494. Calculate the remainder when u is divided by o(5).
79
Let w = -4583 + 7615. What is the remainder when w is divided by 11?
7
Let h(r) = 55*r + 5. Let y(p) = 964*p + 12. Calculate the remainder when h(4) is divided by y(0).
9
Let j(l) = l**2 + 3*l - 47. Let m be j(-7). Let y(o) = -o**3 - 18*o**2 + 25*o + 118. Let c = 17 - -2. Calculate the remainder when c is divided by y(m).
3
Let p be 2 + -9 + 8 + (177 - -1). Let c = p + -177. What is the remainder when 21 is divided by c?
1
Let m = -706 - -1351. Let b = m - 620. Calculate the remainder when 74 is divided by b.
24
Suppose -2*c - 5 = -3*a, 3*a + 2*c - 7 = 6*c. Suppose 2*t = 13 - a. Suppose 11*y - t*y = 10. Calculate the remainder when 8 is divided by y.
0
Suppose 18*i + 3552 = 114*i. Calculate the remainder when 99 is divided by i.
25
Suppose 1034*n - 81 = 1031*n. Let r(q) = 28*q - 17*q - 14*q + 6. What is the remainder when r(-14) is divided by n?
21
Let v = 89 + -51. Let u(g) = -850*g + 2734. What is the remainder when u(3) is divided by v?
32
Suppose -3*f + 9 = 0, 399 = -0*n + 2*n - 5*f. Let d = 4776 - 4741. What is the remainder when n is divided by d?
32
Suppose 0 = 33*g + 95*g - 6528. What is the remainder when 542 is divided by g?
32
Calculate the remainder when 3272 is divided by (8 - 11)/(47/(-611)).
35
Let k(y) = -18*y - 56. Let q(m) = -m**3 + 14*m**2 + 6*m - 32. Calculate the remainder when q(14) is divided by k(-4).
4
Let y = -3544 - -4735. What is the remainder when y is divided by 164?
43
Let c = -830 - 154. Let s = -974 - c. Suppose -5*z + 190 = -0*z. Calculate the remainder when z is divided by s.
8
Let b = 32729 + -32691. What is the remainder when 3955 is divided by b?
3
Suppose 40*v - 35*v - 721 = -3*r, -4*r = 5*v - 968. Suppose 0 = -4*h + 217 + r. What is the remainder when h is divided by 44?
28
Suppose -14*h + 2699 = -11175. Calculate the remainder when h is divided by 12.
7
Let w be (-5)/1 + 8/(-4). What is the remainder when 48 is divided by (2/(-8))/(w/364)?
9
Suppose a - 150 = -4*a. Let l = 16 + -4. Suppose l*b - 104 - 964 = 0. Calculate the remainder when b is divided by a.
29
Let d be (-122)/(-6) + (-2)/(-3). Suppose 3*t - 129 = d. Suppose -4*y - 35 = -3*p, -5*p + 3*y + t = -2*y. What is th